Let h be (-5 - 390/(-36))*6. What is the greatest common divisor of 5 and h?
5
Let b(x) = -17*x**3 + x**2. Let a = 3 + -4. Let t be b(a). What is the highest common factor of t and 72?
18
Suppose 352 = 37*l - 33*l. Calculate the highest common factor of 11 and l.
11
Suppose 4*r - 215 = 37. Calculate the highest common factor of 9 and r.
9
Suppose m = -2*f + 5, 7 = -4*f + 3*m + 2. Let u = f - -1. Suppose -18 - 22 = -u*a. What is the highest common factor of a and 8?
4
Suppose 2*g + 5*c = -0*c + 16, -4*g = c + 4. Let n(j) = 3*j - 10*j**3 + 2 - 13*j**3 + 22*j**3. Let y be n(g). What is the highest common factor of y and 44?
4
Suppose 0 = 5*i + 5*s - 70, -2*i + 7*i = 5*s + 20. What is the greatest common divisor of i and 15?
3
Let h(p) = -p**3 - 5*p**2 - 5*p - 5. Let w be h(-5). Let f be (w/(-3))/((-5)/15). Suppose 4*m = 3*m + 30. Calculate the highest common factor of f and m.
10
Suppose -3*t + 3*m + 26 = 2*m, m = -2*t + 24. What is the highest common factor of t and 20?
10
Suppose 3*b + 2*t - 45 = 0, 7 + 8 = b + 4*t. What is the greatest common factor of b and 120?
15
Suppose 3*t - 2*t - 2*h = 23, 76 = 4*t - 4*h. What is the greatest common factor of 75 and t?
15
Let s(r) = r**2 - 4*r + 2. Let h = -7 + 11. Let m be s(h). Suppose -4*g = -m*g - 18. Calculate the highest common factor of g and 36.
9
Suppose -27*i + 276 = 6. Let c = 5 - -55. What is the greatest common factor of i and c?
10
Let q = -10 + 13. Suppose -22 = -q*o - 1. Calculate the greatest common factor of 21 and o.
7
Suppose 107 = 3*t - 0*s + s, -2*t = s - 73. Let g = t - 2. Suppose 0 = -3*i - 1 + 25. What is the highest common factor of i and g?
8
Let z(a) be the first derivative of 1 + 13*a + 1/2*a**2. Let d be z(-6). Calculate the highest common divisor of d and 1.
1
Let k(v) = 4*v + 4. Suppose -5*g = 6 - 51. Let h be k(g). What is the greatest common divisor of h and 16?
8
Suppose 0 = 2*b - 50 + 44. Calculate the greatest common factor of 27 and b.
3
Let b = 8 - 1. Let m be ((-14)/28)/((-1)/42). Calculate the greatest common divisor of b and m.
7
Suppose g - 1 + 5 = -5*p, 3*p + 6 = 0. Suppose 4*m - 3*l = 144, 0 = -0*m + 2*m - l - 72. Calculate the greatest common divisor of g and m.
6
Let j = -4 - -4. Suppose -4*o + 118 + 2 = j. Calculate the highest common divisor of 150 and o.
30
Let x be 13 + (-3)/(-3) + -1. What is the greatest common factor of x and 91?
13
Let z = -71 - -116. What is the greatest common factor of 18 and z?
9
Let u(a) = 16*a + 4. Let x be u(4). Suppose 2*v = 4*v - x. Suppose 5*g - 69 = q, 2*g - q + 4 = v. What is the greatest common factor of 65 and g?
13
Let k = -15 - -22. What is the highest common divisor of 7 and k?
7
Suppose 2*c + 20 = v - 0*c, 4*v = -4*c + 20. Let w be v + 3/9*3. Calculate the highest common divisor of w and 1.
1
Suppose -10*k + 13*k = 42. Calculate the greatest common divisor of 126 and k.
14
Let k(t) be the third derivative of -t**4/12 - 5*t**3/3 + 8*t**2. Let x be k(-12). Calculate the highest common divisor of x and 42.
14
Suppose 0 = -0*t + 2*t. Suppose -3*v = -r + 4*r - 36, 2*r - 10 = t. What is the highest common divisor of v and 77?
7
Let a(w) = w**2 - 5*w - 5. Suppose -5*y - 5 = -35. Let j be a(y). Let i(h) = -h**2 - 5*h + 4. Let q be i(-5). What is the highest common divisor of j and q?
1
Let q be (-12)/(-9)*57/2 - -2. What is the highest common factor of 360 and q?
40
Let c = 10 + 67. Calculate the greatest common divisor of 22 and c.
11
Let t(j) = 8*j**2 - j. Let r be t(-2). Let l = r + -19. Calculate the highest common factor of l and 120.
15
Let n(w) = w**2 + 7*w + 5. Let i be n(-7). Let q be 6/(-15) + 142/i. What is the highest common divisor of q and 7?
7
Let r(j) = -5*j**2 + j - 2. Let g be r(-2). Let x be (2/4)/((-2)/g). What is the highest common factor of x and 24?
6
Let q be ((-63)/(-15))/(-7) + 133/5. Calculate the highest common factor of q and 52.
26
Let n be -2*1 + -9 + 2. Let t be 4 + (-22 - 4) + 3. Let p = n - t. What is the highest common divisor of 90 and p?
10
Let x(c) = -6*c - 27. Let d be x(-20). Calculate the highest common divisor of 62 and d.
31
Let m(s) = s**3 + 11*s**2 + 9*s + 1. Let p be m(-10). Let j(t) = -23*t - 2. Let y be j(-2). What is the highest common divisor of y and p?
11
Suppose 7*n + 25 = 102. What is the highest common divisor of n and 11?
11
Let k = -33 + 35. Calculate the highest common divisor of k and 2.
2
Let r = 56 + -45. Calculate the highest common factor of 11 and r.
11
Suppose -5*u = -10 - 75. Suppose -n + 4*n + 5*v - 87 = 0, 2*v = 4*n - 142. Calculate the greatest common factor of u and n.
17
Suppose -9*j + 301 = -1022. Let f be 20 + 1/1 + 0. Calculate the greatest common factor of f and j.
21
Let r(x) = x**3 - 2*x**2 - 8*x + 5. Let k be r(5). Calculate the greatest common divisor of k and 16.
8
Suppose -v + 6*v = 10. Let z(d) = -4*d + 3 - d**3 + 5*d**2 - d**2 - 2*d**v. Let j be z(-4). What is the greatest common divisor of 23 and j?
23
Let k = 60 - -28. Let b(v) = -v**2 + 7*v + 2. Suppose 14 = 2*h + 2. Let o be b(h). What is the highest common factor of o and k?
8
Let k = 27 - 11. Let j(g) = -g**3 - 7*g**2 + 1. Let u be j(-7). Let d(b) = 144*b**3 - b**2 + b. Let q be d(u). Calculate the greatest common factor of q and k.
16
Suppose -14*c = -668 - 410. Calculate the highest common factor of c and 22.
11
Suppose 4*y - 4 = 4*u, 3*y - 6 = -u + 5. Suppose 3*c = 7*c. Suppose -h - 2*t - 9 = c, h - 5 = 6*h + 2*t. What is the highest common factor of h and y?
1
Let p(o) = 13*o**2 + o. Let q be p(1). Suppose 4*y + 4*b - 2 = 2, 5*y = 4*b + q. Calculate the greatest common factor of 5 and y.
1
Suppose -5*h + 3 = -4*p - 1, 3*p = h + 8. Let g(l) = -4*l**2 - 2. Let b be g(-2). Let r be (b/(-8) + -2)*h. What is the greatest common divisor of 11 and r?
1
Let b be -6 + 3 + (4 - -14). Calculate the greatest common divisor of b and 120.
15
Let x = 178 - 82. Let f(l) be the third derivative of l**5/12 + l**4/6 - 3*l**2. Let c be f(-2). Calculate the highest common factor of c and x.
12
Suppose 3*u - 5 - 13 = 0. Suppose 4*k - 76 = -4*l, -5*k - 2*l + 87 = l. Calculate the highest common factor of u and k.
3
Let g(k) = 13*k + 3. Let t be g(-3). Let x = t + -12. Let c = -18 - x. What is the highest common factor of c and 10?
10
Suppose -4*k = 3*l + k, 2*k = -6. Let a(q) = 9*q + 4. Let b be a(l). Let m = b - 19. What is the greatest common divisor of 10 and m?
10
Let u(t) = -11*t - 31. Let d be u(-16). What is the highest common factor of 5 and d?
5
Suppose -3*t = -7*t - 3*s + 663, 0 = -4*s + 20. Suppose -t = -3*b - 0*b. Let k = -36 + b. What is the highest common factor of 6 and k?
6
Suppose -5*v + 15 = -10. What is the greatest common factor of v and 55?
5
Let l = 40 - 34. What is the highest common factor of 54 and l?
6
Let g(k) = -19 - 22*k + 19. Let l(x) = -x**3 + 8*x**2 - 7*x - 1. Let w be l(7). Let s be g(w). Calculate the greatest common factor of s and 11.
11
Let d(b) = -3*b + b + 2 + 4 + 0. Let a be d(-6). Let n be 4/a*6*18. What is the highest common factor of n and 8?
8
Suppose -3*a - 2*q = 25, 1 + 0 = -a + 3*q. Let y = 10 + a. Let l = -6 + 27. What is the greatest common divisor of l and y?
3
Suppose 341 = -2*r + 3*o, o - 492 = 5*r + 354. Let k = -120 - r. What is the greatest common factor of k and 7?
7
Let s(y) = -y**3 + 8*y**2 - y + 10. Let u be s(8). Let z = u + 0. Let b be 10/45 + (-196)/(-9). What is the highest common factor of z and b?
2
Let b = -15 + 25. What is the highest common divisor of 2 and b?
2
Let o = 55 + -13. What is the highest common divisor of 6 and o?
6
Suppose 12 = -4*p - 0. Let m be 6*p/(18/(-4)). Suppose -5*d + 54 + 6 = 0. Calculate the greatest common divisor of d and m.
4
Suppose 5*b + 14 = l, -4*l + 3*b = -23 + 1. Suppose l*n + n = 60. Suppose 1 - 5 = 2*w - 5*t, 4*t = -4*w + 48. Calculate the greatest common factor of n and w.
4
Let q be ((-3)/6*-20)/2. Suppose 40 = -q*u + 320. What is the greatest common factor of u and 8?
8
Suppose -p = -5*i + 73, 2*i - 6*i = 2*p - 64. Calculate the greatest common factor of i and 45.
15
Let d(i) = -i**3 + 7*i**2 + 2. Let w be d(7). Let v be 542/6 - w/6. Calculate the greatest common factor of v and 10.
10
Let g be 94/2 + (-2)/1. Let u = -62 + 24. Let q = 56 + u. Calculate the highest common divisor of g and q.
9
Let 